- 3) + -3 + 6)?
5
What is (-32 - -21) + 23 - (-5 - -1)?
16
What is the value of 10 + 4 + 0 + -23?
-9
What is -2 - (1 - (3 - 6)) - -27 - 7?
14
Evaluate (0 + 0 - 10) + (-1822 - -1826).
-6
What is the value of (11 - (2 + 0)) + (9 + -15 - -2)?
5
23 - 35 - (0 - (0 - -2) - 1)
-9
What is the value of -3 + (1 + -8 - (14 - 18)) + 2?
-4
Evaluate (4 + -4 + 3 - (5 - 4)) + 12.
14
What is the value of 41 + ((-3 - (-15 + 3)) + -20 - 0)?
30
Evaluate -14 + 2 + -7 + -10.
-29
What is the value of (-2 - -1 - -5) + (-11 - -5)?
-2
Evaluate (-6 - -13) + 3 + -7 + 4 + 2.
9
Calculate 5 + -9 - (-8 - (6 - -2 - -1)).
13
0 - (-16 - (-4 - (-4 - 4 - -4)))
16
What is 49 + 1 + -34 - 7?
9
Calculate (0 - (-5 + 0 - -7 - 4)) + -3.
-1
What is 5 - (8 + -1 - (-9 + -10 + 20))?
-1
Evaluate 0 + 20 - -2 - 6.
16
Evaluate (8 - 12) + 2 + 5.
3
What is the value of (7 + 10 - 25) + -2 + -1?
-11
Evaluate 13 - (-14 + -1 + 28).
0
(23 - 43) + (2 + -3 - (41 + -43))
-19
What is the value of -10 + ((-7 - -13) + 31 - 10)?
17
Evaluate 24 + -25 + (4 - 0) + 5 + -24.
-16
Calculate -78 + (10 - 1) - -33.
-36
What is the value of (-4 - (3 - 0)) + (13 - (22 - 9))?
-7
(-1 - -2) + 42 + -13 + -23
7
Calculate -8 - (-22 - (-10 + -3)).
1
What is the value of (12 - (-6 - -29)) + 12?
1
12 + (17 - 33) + 1 + 8
5
Evaluate (-1 - 3) + (-5 + 1 - -6) - 4.
-6
What is the value of -2 - -15 - (-207 + 215) - (17 - 0)?
-12
-9 + (2 - (14 - 3))
-18
Evaluate 1 - 0 - (-43 + 55).
-11
What is -134 + 157 - (0 + 9)?
14
What is the value of -3 - -11 - (-33 + 40)?
1
Evaluate -12 - ((0 - 5) + 8 + 0 - 10).
-5
Calculate 3 + -8 + (-7 + 7 - 8) + 1.
-12
What is the value of (2 - 3) + -9 - (1 + 5 + -4)?
-12
(-889 - -869) + (-2 - 15)
-37
What is the value of (377 - 383) + (-2 - -11)?
3
Calculate 20 - (32 - 0) - (-2 + 12 + 2).
-24
11 + (-2 - (-15 + 5))
19
Calculate 24 + 0 + 7 + -21 + 4.
14
What is -55 + 38 - (-1 + (0 - -3))?
-19
Calculate 36 + 3 - (-2 - -26 - 10).
25
5 - 2 - (3 + (8 - (-3 + 1)))
-10
What is the value of -3 - (-4 + 0 + 4) - (15 + -34)?
16
Calculate 0 + 6 - ((17 - 9 - 18) + 16).
0
Calculate -3 - ((12 + -17 - -25) + -11).
-12
-43 + 37 - (1 + 1)
-8
-12 - (-18 - -16 - -4)
-14
What is (5 - (-1 - (7 - 7))) + 6?
12
Calculate 15 + (-7 + 3 - 27) - -16.
0
Evaluate -52 - -55 - (0 - -8).
-5
What is the value of (0 - 24) + (-159 - -201)?
18
Evaluate (8 - (1 + 18) - -29) + -29.
-11
What is the value of -35 + (-5 - -1) + 36 + -17?
-20
3 - ((2 - -2) + 108 + -113)
4
What is the value of 3 + 27 + -24 + -1?
5
Evaluate (-6 + 17 + -6 - 27) + 0.
-22
Evaluate -141 + 142 + (-7 - -1) - -30 - -6.
31
(-10 - -11 - (0 - 9)) + 3 + 14
27
Evaluate -19 + 10 - (-5 - -1) - (0 - -7).
-12
Evaluate -78 - -135 - (27 + -3).
33
Calculate 22 + (-40 - 15) - (-14 - -3 - -2).
-24
Calculate -4 - (1 - (-30 - (2 + (-1 - 0)))).
-36
What is the value of -3 + (0 - (-1 - -2)) + (-8 - 0)?
-12
What is 20 + (11 - 0 - (-86 - -111))?
6
Evaluate (-3 - 2 - 5 - 2) + 5.
-7
What is the value of (13 - -1) + (17 - 31) + 9?
9
What is the value of 9 - ((0 - 11) + 16 - (-1 - -4))?
7
-5 + -14 - -29 - 12
-2
What is the value of 8 - (17 - (-2 + (-2 - 8) + 7))?
-14
What is the value of (-6 - 0 - -6) + -1 - (5 + 4)?
-10
-1 + -1 + (3 - 12 - (1 - 17))
5
Evaluate (-8 - 5) + (-7 - (-6 - -3) - -7).
-10
Calculate (2 - 0) + 2 + (-7 - -5) + -32.
-30
What is the value of 9 - (-3 + -5 - (-34 - 2 - 6))?
-25
What is the value of -6 - -2 - ((-102 - -45) + 36)?
17
Calculate 21 + -9 + 5 + -6.
11
Evaluate 1 + -3 + (9 - (11 + -26 + 2)).
20
Calculate 0 + (-5 - (-12 + (4 - 0))).
3
What is the value of (-4 - 3) + (-1 - (4 - (3 + 5)))?
-4
What is the value of (-7 - (5 + (-4 - -7))) + 2?
-13
Calculate (-2 - -1) + (-1 - (15 + -19)) + 8.
10
What is the value of 0 - (8 - 2 - 15)?
9
Calculate (-4 - (4 - 15)) + 2 + (-30 - -1).
-20
What is the value of 3 - (-11 + -2 - -8)?
8
What is (-520 - -513) + (-1 - (0 - -1))?
-9
(1 - (3 - (-2 + 1))) + -2 - 7
-12
What is 39 + -78 + 37 + -1?
-3
Evaluate -2 + (-2 - 1 - (83 - 84)) + 16.
12
What is the value of -15 - (0 + 0 + 4 + 1) - -3?
-17
What is the value of (-19 - -27) + 15 - 34?
-11
Calculate (-1 - -12) + (558 - 561).
8
Evaluate -7 + (-10 + 15 - (3 + -10)) - 7.
-2
What is the value of (-63 - -91) + (1 - 43)?
-14
What is the value of (6 - (16 - (0 - -3))) + 21?
14
What is 2 + -2 - -6 - 8 - 3?
-5
-3 + (-12 - 0 - (-4 - 5))
-6
Calculate 5 + (-3 - -4) + (7 - 6) + -2.
5
Calculate 9 + -3 + 7 + -11 + 14.
16
What is the value of 13 + (17 - 3) + -27?
0
What is (2 - -11) + (4 - -1 - 7)?
11
What is the value of 10 - (-8 - (-5 + -8)) - -4?
9
Calculate -48 - -85 - (40 + 15).
-18
Evaluate -5 - (6 - (11 + -16 - -3)).
-13
What is (1 - (-11 + 10) - -4) + -12?
-6
What is the value of (0 - (16 + -1)) + 2101 + -2103?
-17
What is the value of 15 - (-1 + -13 + 8 + 7)?
14
Evaluate 18 - (17 + (6 - 13 - 0)).
8
Calculate -19 - -10 - (-14 + -33).
38
Calculate -549 + 582 - (13 - 2).
22
What is the value of (-10 - -1 - (-7 - 2 - -3)) + 7?
4
What is -2 + (6 + 9 - 7) + -7?
-1
Evaluate -3 - (-3 - (-1 + (1 + -4 - -7))).
3
What is (20 + -21 - (7 + -31)) + -10?
13
What is -3 - (5 + -8) - (5 - (3 + 5))?
3
What is (9 + 7 - 5) + -9 - -11?
13
What is 13 + 0 - (-134 - -144)?
3
(13 - -1) + 3 + 11 + (-94 - -87)
21
What is the value of 0 - 5 - (0 - 1) - (-15 + -4)?
15
-8 + 4 + (-13 - -16) + -2 + -2
-5
(-40 - -19 - 13) + 60
26
Calculate -59 + 13 - (-31 - -23).
-38
(1 - 1) + (4 + -1 - -2 - -3)
8
Calculate 0 + 18 - (64 + 8 + -48).
-6
What is the value of (-8 - -12) + (-5 - 5) + 2 + 18?
14
What is (8 - 5) + (-4 - 9) + 3?
-7
Evaluate -11 + 8 + 8 - 1.
4
Calculate (88 - 61) + -3 + -1.
23
What is the value of 18 + (-7 - 1) + 0 - 0 - -2?
12
Evaluate 10 + (-1 - (8 + -12) - 3).
10
Evaluate ((13 - 5) + -3 - (8 + -2)) + -5.
-6
What is the value of (4 - 0) + 16 + -14 - 13?
-7
Evaluate -1 - -14 - (144 - 124).
-7
Calculate 0 + 8 + (-96 + 44 - -30).
-14
-6 + -2 + (-4 - -6) + -5
-11
What is the value of 1 - -22 - (380 + -350)?
-7
What is (3 - (8 + -4)) + (-4 - -7 - 9)?
-7
What is -6 + 4 + (-3 - -3) + 5 + -3?
0
(17 + -4 + -8 - 2) + -1
2
What is -4 - (-6 + 0 - 1 - (1 + -6))?
-2
-5 + 3 + 11 + -6 - (0 + 16)
-13
Calculate -10 + (4 - (1 - 1)) + 17.
11
What is the value of 5 + 17 + -26 + 6?
2
What is the value of (1 + (2 - 14) - 14) + (-7 - -1)?
-31
Calculate -6 + 6 - -1 - (11 - 3).
-7
What is -1 + -3 - (4 + -2) - -12?
6
What is the value of -32 + 35 + -35 + 62?
30
What is the value of -14 + (-16 - (-10 + -10))?
-10
7 - (19 + -14 - (-12 - -1))
-9
(-12 - -24) + 31 + (-3 - 15)
25
What is 0 + -8 + 58 + -55?
-5
Calculate -75 + 79 - (2 - 1) - (8 + -1).
-4
Calculate 35 + (24 - (21 + 27)).
11
201 - 218 - (-25 - 1)
9
(4 - -11) + -40 - -28
3
18 - 29 - -19 - 14
-6
Evaluate 20 + -5 - 4 - (35 - 29).
5
2 - (-4 + -3 + 20) - -5
-6
What is -9 + (1 - -1) - (190 + -206)?
9
What is the value of (17 - (-2 + 28 + -15)) + 1 + -28?
-21
Calculate (-10 - -5 - 7) + -1 - 3.
-16
What is -10 + 29 + -11 - (-14 + -1)?
23
Evaluate (-1 - -13) + (-76 - -62) + -15 + -2.
-19
What is (-3 - (2 + (0 - -1))) + (25 - 15)?
4
Calculate -10 + -1 - (20 + -18 + -10).
-3
What is -1 + -1 + -1 - (-391 + 382) - -9?
15
Calculate 1 + (1 - 1) + (-21 - (-27 + -9)).
16
What is the value of (7 - 16) + 7 + -7 + 15?
6
What is the value of -17 + 0 + 15 + 2 + -25 + 2?
-23
What is 14 - 9 - (23 + -4 - 4)?
-10
(-5 - (2 - 6)) + -3 + 10
6
Calculate 232 - 226 - (16 - 1).
-9
Calculate 32 - (-1 + 6 + (-4 - (-7 - -9))).
33
49 + -51 - ((-37 - -32) + -6 + -1)
10
What is the value of -8 + (24 - (7 + 8 + -5))?
6
What is the value of -28 - (2 - ((-12 - -29) + -7))?
-20
(5 - 3) + 3 + 6 + -15
-4
Evaluate 4 - (13 - (-8 - 1)).
-18
-3 + -1 + (2 - (-22 - 6 - -11))
15
Evaluate 3 + 19 - (166 - 169).
25
(3 + -30 - -55) + -49
-21
Calculate (-2 - (-5 + 13)) + 3 + 2 + 16.
11
What is the value of -187 + 193 - (2 - (1 - 5))?
0
What is the value of 10 - (-5 + -6 + 1 + 14)?
6
Calculate 1 + (-4 - -3) + 5 + -10.
-5
What is the value of -34 + -33 - -29 - -27?
-11
Calculate (-125 - -173) + 1 + -34.
15
Evaluate (0 - -1) + -1 - (-5 + 5 - -3).
-3
What is -44 + 26 + -9 + 9?
-18
3 + -17 + 16 + (-1 - 3)
-2
6 - 13 - (15 + -7 - 9)
-6
Calculate 0 - 7 - (45 + -29 - 11).
-12
What is -4 - (2 - -3) - (-40 + 13 + -6)?
24
What is the value of -20 + (96 - 90) + (0 - 18)?
-32
-5 - -1 - (25 + -29)
0
Calculate 2 + -3 + (1 + -9 - -12).
3
What is -15 + -1 + -4 + 1